 the greatest common factor of 62 and r?
62
Let m be ((-480)/(-16))/(3/20). Calculate the greatest common factor of m and 5.
5
Let b(u) = u**2 - 2*u - 10. Let s(a) = -3*a + 27. Let r be s(7). Let o be b(r). Let f = 24 + -17. What is the highest common factor of o and f?
7
Suppose 2*i + 2*s = -0*s + 6, -5*i + 3*s + 15 = 0. Suppose -i*z = -8*z + 390. Calculate the greatest common divisor of 52 and z.
26
Let p = 94 - 69. What is the greatest common factor of 1 and p?
1
Let h = 1376 + -1369. Calculate the greatest common factor of h and 1337.
7
Let f be ((-18)/2)/((-6)/170). Calculate the highest common factor of 51 and f.
51
Let t(y) = y**3 - 7*y**2 - 2*y - 8*y - 1 + 3 - 2*y**2. Let i be t(10). Suppose 0 = -7*r + i*r + 75. What is the greatest common factor of r and 120?
15
Let b = -15 + 23. Let v be ((-60)/9)/(b/(-12)). Let x(g) = -g**3 + 5*g**2 + 5*g - 5. Let y be x(5). Calculate the greatest common divisor of y and v.
10
Let f = -462 - -471. Calculate the highest common factor of f and 39.
3
Let m be 12/15 + 102/10. Let g = -31 + 65. Suppose g = 4*f - 10. What is the highest common divisor of f and m?
11
Suppose 5*o = 447 + 218. Calculate the greatest common factor of 14 and o.
7
Let j(o) = -2*o + 17. Let k be j(-6). Suppose 0 = 2*b + 7 - k. Suppose 3*z + 308 = 7*z. What is the highest common divisor of b and z?
11
Let m be (-3 - -6)/(6/34). Let c(u) = -u**2 - 6*u. Let l be c(-6). Suppose l = 9*x - 3*x - 102. What is the greatest common divisor of m and x?
17
Suppose 2*y = z + 2*z - 12, 4*z = -3*y - 1. Let r = 15 + z. What is the greatest common factor of 51 and r?
17
Let d = -140 - -217. Let s be (1 - d)*(-6)/12. What is the greatest common factor of s and 342?
38
Let a(k) = -3*k - 1. Let r be a(-1). Suppose -10 - 6 = -r*j. Let h be 48/((-3)/9 - -1). Calculate the greatest common divisor of j and h.
8
Let t(j) = 132*j**3 + 2*j**2 - 1. Let m be t(1). Calculate the highest common factor of 38 and m.
19
Let c be 27/(-72) + 1165/(-8). Let z be (-1)/2 + c*7/(-28). What is the greatest common factor of z and 4?
4
Let m be (2 - (0 - 6))*6/12. Let f be (-1)/((-4)/12 - 0). Suppose 0 = -3*n - a + 7, -n = -f*n + m*a. What is the highest common divisor of 18 and n?
2
Let i = -47 + 49. Suppose i*f = -4 + 18. What is the highest common divisor of f and 35?
7
Let m = 133 - 129. Suppose -q + 8 = 2*d, 2*q + 0*d = 5*d - 29. Let o = q - -4. Calculate the highest common factor of o and m.
2
Suppose -3*h = -0*h - 63. Suppose -2*s = 2*s - 220. Suppose -s = -3*o + 8. Calculate the greatest common factor of h and o.
21
Suppose -17*s + 9 = -20*s, 3*s - 669 = -3*o. What is the greatest common divisor of o and 1243?
113
Let r be ((-1)/(2/3))/((-54)/1008). What is the highest common factor of 63 and r?
7
Suppose t + 15 = -5*l, -2*t = 2*l - 2 - 0. Let i be 5/(-4)*(-28 + -16). What is the greatest common divisor of t and i?
5
Let g(z) = 5*z**3 - 2*z**2 - 3*z - 2. Let i be g(-1). Let k be (i/4)/((-5)/300). What is the greatest common divisor of 60 and k?
30
Suppose -4*b + b + 259 = 4*h, -2*b - 5*h = -175. Let y = -71 + b. Calculate the greatest common divisor of y and 28.
14
Let k be -7 + 1 + 8/4. Let n = k - -6. Suppose -30 - 10 = -n*t. Calculate the highest common divisor of t and 160.
20
Let f be (30/16)/(6/(-8))*-2. Suppose 29 = f*b + 9. Let o be (-2)/(-3)*1*6. Calculate the greatest common factor of o and b.
4
Suppose -21*w + 35*w = 252. Calculate the greatest common divisor of w and 477.
9
Let w = -154 - -157. Suppose 141 = 4*l - 3*t, 0 = -w*l + 3*t + 65 + 43. Calculate the highest common divisor of l and 11.
11
Suppose 9*a - t = 5*a + 85, 4*a + 2*t = 94. Suppose -321 = -3*v + 75. Calculate the highest common factor of a and v.
22
Suppose 1 = 5*l - 14. Suppose -p - 1 = -6. Let j be p/(-20) - 109/(-4). Calculate the highest common factor of j and l.
3
Let g(n) = 53*n**2 + 90*n + 2. Let i be g(-9). Calculate the highest common divisor of i and 85.
85
Let r be ((-4)/(-6))/((-10)/1275). Let v be 34/r - ((-882)/5)/1. What is the greatest common factor of v and 16?
16
Let h be 1*(15/(-3))/(-5). Let g be (2 - -2) + (12 - h). Calculate the highest common divisor of 5 and g.
5
Let d = -21 - -29. Let i = -24 + 24. Suppose t - 99 = -4*r, r + 0*r - 4*t - 12 = i. Calculate the highest common divisor of r and d.
8
Let p(l) = l**2 + 10*l + 6. Let h be p(-10). Calculate the greatest common factor of 129 and h.
3
Let z(o) = 215*o**2 + o + 1. Suppose 4*i - 4*q = 2*i - 6, 5*q - 4 = -i. Let u be z(i). Calculate the highest common factor of u and 43.
43
Suppose -h - 70 = -4*o, -6*h = -3*o - 2*h + 46. What is the greatest common divisor of 66 and o?
6
Let t(b) = 9*b**3 - b**2 + b + 3. Let g be t(3). Let p be (-11)/((-22)/g)*1. Let w = 30 - 15. Calculate the greatest common divisor of p and w.
15
Let z = 42 - 105. Let v = 89 + z. Suppose -m = m - v. What is the greatest common divisor of 65 and m?
13
Suppose -119 = -7*i - 35. Let u(m) = -m**2 - 12*m - 16. Let o be u(-10). What is the highest common factor of o and i?
4
Let q(s) = -s**3 + 7*s**2 + 11*s - 8. Let t be q(8). Let j be (-4)/(t/(-1652)) - 1. Suppose -4*c + 68 = -j. Calculate the greatest common divisor of c and 24.
24
Suppose -3*h + 4*h = 174. Suppose -10*a = -9*a - 1. Let k(m) = 32*m - 3. Let l be k(a). What is the highest common divisor of l and h?
29
Let s(v) = 7*v**3 - 3*v - 4*v**3 - 4*v**2 + 2*v - 12 - v**3. Let q be s(5). Let m be (-2 - (-1 - 0))*-19. What is the greatest common divisor of m and q?
19
Let w be (-3974)/(-18) - (222/(-27) + 8). What is the greatest common factor of 17 and w?
17
Let z(b) = b + 2. Let y be 9/3 - (2 - 29). Let s be z(y). What is the greatest common factor of s and 16?
16
Let t be ((-90)/(-8))/((-2)/(-8)). Let g be ((-112)/6)/((-2)/3). Let r be 0 + 1 - (-1 - g). What is the highest common factor of r and t?
15
Suppose 0*z + q - 40 = -2*z, 4*q = -2*z + 28. Let n = z - 12. Calculate the highest common factor of 50 and n.
10
Let c = -134 - -150. What is the highest common factor of c and 48?
16
Suppose -1 = y + 3*t - 14, 13 = y - 2*t. Suppose -3*d + 5*w + 41 = 0, -4*d = -3*d - 2*w - y. Calculate the highest common factor of 68 and d.
17
Let l(a) = -12*a**3 - a - 2. Let p be l(-2). Suppose -6*v - 135 = -v. Let j = -15 - v. Calculate the greatest common factor of j and p.
12
Let z(a) = a**3 - 8*a**2 + 9. Let k be z(8). Suppose 36 = 5*p - k. Suppose p = 3*o, -o + 5*o + 204 = x. Calculate the highest common factor of x and 27.
27
Suppose -4*v = 12 - 68. Suppose -5*w = -f - 68, w + 5*f = 30 - 6. What is the greatest common divisor of w and v?
14
Let i be 1/(1 + -2) - -22. Let f be (15/6)/(3/6). Suppose f*g = 162 - 57. What is the greatest common factor of i and g?
21
Suppose -2*r = -6*r. Let p be -2 - (-1 - r) - -67. Suppose -2*k = 6 - p. Calculate the greatest common factor of 12 and k.
6
Suppose 2 + 4 = 3*j. Suppose -j*s - 4*t = -168 - 2, -4*t = -s + 85. Suppose 0 = 3*y - s + 34. Calculate the highest common divisor of 68 and y.
17
Suppose 8*g + 5348 = 6*g. Let c be 4/(-18) + g/(-126). What is the highest common divisor of 7 and c?
7
Let x(j) be the first derivative of -j**2/2 - 12*j - 3. Let p be x(-16). What is the highest common divisor of 4 and p?
4
Let v be (-8)/(-60) - (-16018)/15. What is the greatest common factor of v and 12?
12
Let v(k) = k + 36. Suppose 5*a + 50 = 5*f, 5*f = -0*f - a + 20. Suppose h - f*h = 0. Let j be v(h). What is the highest common divisor of 12 and j?
12
Let z be ((-4)/3)/((-20)/(-5520)). Let b = -207 - z. What is the greatest common factor of 23 and b?
23
Suppose -37*s - 132 = -39*s. Suppose -2*d + 19 = -2*r + 5*r, r = 5. Suppose -5*z + 31 = -d*b + b, b = 3*z - 19. What is the greatest common factor of s and z?
6
Suppose -2880 = 63*d - 65*d. Calculate the greatest common divisor of 45 and d.
45
Suppose -2*o = 4*p - 229 + 161, 2*p = 2*o - 74. Let u(c) = 12*c**2 + c - 1. Let b be u(1). Calculate the highest common factor of o and b.
12
Suppose 13 = 2*i - 9. Let q be (-354)/472 + 182/8. What is the highest common factor of q and i?
11
Suppose -5*y + 61 - 61 = 0. Suppose 2*d - 5*n + 13 = y, -5*n = -4*n - 5. Calculate the highest common factor of d and 2.
2
Let j(r) = -34*r + 10. Let h be j(-3). Let y(t) = -t + 10. Let i be y(-4). What is the greatest common divisor of 